{"id":4209,"date":"2024-07-07T15:38:33","date_gmt":"2024-07-07T15:38:33","guid":{"rendered":"https:\/\/demohomi13.click\/?page_id=4209"},"modified":"2024-08-01T02:57:44","modified_gmt":"2024-08-01T02:57:44","slug":"chinh-sach-doi-tra","status":"publish","type":"page","link":"https:\/\/productionq.vn\/shop\/chinh-sach-doi-tra\/","title":{"rendered":"Ch\u00ednh s\u00e1ch \u0111\u00f4\u0309i tra\u0309"},"content":{"rendered":"<p><strong>CH\u00cdNH S\u00c1CH \u0110\u1ed4I TR\u1ea2 H\u00c0NG<\/strong><\/p>\n<ol>\n<li><strong>\u0110i\u1ec1u ki\u1ec7n \u0111\u1ed5i tr\u1ea3<\/strong><\/li>\n<\/ol>\n<p>B\u1ea1n \u0111\u01b0\u1ee3c quy\u1ec1n ki\u1ec3m tra s\u1ea3n ph\u1ea9m v\u00e0 c\u00f3 th\u1ec3 \u0111\u1ed5i tr\u1ea3 ngay t\u1ea1i th\u1eddi \u0111i\u1ec3m giao nh\u1eadn h\u00e0ng trong nh\u1eefng tr\u01b0\u1eddng h\u1ee3p sau:<\/p>\n<p>\u2013 S\u1ea3n ph\u1ea9m kh\u00f4ng \u0111\u00fang ch\u1ee7ng lo\u1ea1i, m\u1eabu m\u00e3 trong \u0111\u01a1n h\u00e0ng \u0111\u00e3 \u0111\u1eb7t ho\u1eb7c kh\u00f4ng \u0111\u00fang nh\u01b0 th\u00f4ng tin th\u1ec3 hi\u1ec7n tr\u00ean website t\u1ea1i th\u1eddi \u0111i\u1ec3m \u0111\u1eb7t h\u00e0ng.<\/p>\n<p>\u2013 Kh\u00f4ng \u0111\u1ee7 s\u1ed1 l\u01b0\u1ee3ng \u0111\u1eb7t h\u00e0ng.<\/p>\n<p>\u2013 L\u1ed7i k\u1ef9 thu\u1eadt s\u1ea3n ph\u1ea9m t\u1eeb ph\u00eda ProductionQ<\/p>\n<p>B\u1ea1n c\u1ea7n th\u00f4ng b\u00e1o v\u00e0 g\u1eedi nh\u1eefng d\u1eabn ch\u1ee9ng (h\u00ecnh ch\u1ee5p \/ video) b\u1eb1ng tin nh\u1eafn \u0111\u1ebfn fanpage c\u1ee7a ch\u00fang t\u00f4i (fb.com\/tamcamkinhdi) \u0111\u1ec3 ho\u00e0n th\u00e0nh vi\u1ec7c \u0111\u1ed5i tr\u1ea3 s\u1ea3n ph\u1ea9m.<\/p>\n<p>Xin l\u01b0u \u00fd, \u0111\u1ec3 \u0111\u01b0\u1ee3c \u0111\u1ed5i tr\u1ea3, s\u1ea3n ph\u1ea9m c\u1ea7n:<\/p>\n<p>\u2013 C\u00f2n trong t\u00ecnh tr\u1ea1ng nguy\u00ean b\u1ea3n khi nh\u1eadn h\u00e0ng, c\u00f2n nguy\u00ean tem v\u00e0 nh\u00e3n m\u00e1c.<\/p>\n<p>\u2013 S\u1ea3n ph\u1ea9m ch\u01b0a b\u1ecb s\u1eed d\u1ee5ng qua, ch\u01b0a gi\u1eb7t \u1ee7i, b\u1ea9n, ho\u1eb7c b\u1ecb h\u01b0 h\u1ecfng (m\u00f3c, x\u01b0\u1edbc, m\u00f2n\u2026) do \u0111\u00e3 b\u1ecb s\u1eed d\u1ee5ng.<\/p>\n<p>\u2013 S\u1ea3n ph\u1ea9m kh\u00f4ng c\u00f3 m\u00f9i.<\/p>\n<ol start=\"2\">\n<li><strong>Quy \u0111\u1ecbnh v\u1ec1 th\u1eddi gian v\u00e0 \u0111\u1ecba \u0111i\u1ec3m \u0111\u1ed5i tr\u1ea3<\/strong><\/li>\n<\/ol>\n<p>Th\u1eddi gian th\u00f4ng b\u00e1o \u0111\u1ed5i tr\u1ea3: trong v\u00f2ng 5 ng\u00e0y k\u1ec3 t\u1eeb khi nh\u1eadn s\u1ea3n ph\u1ea9m.<\/p>\n<p>Th\u1eddi gian g\u1eedi chuy\u1ec3n tr\u1ea3: trong v\u00f2ng 14 ng\u00e0y k\u1ec3 t\u1eeb khi nh\u1eadn s\u1ea3n ph\u1ea9m.<\/p>\n<p>\u0110\u1ecba \u0111i\u1ec3m \u0111\u1ed5i tr\u1ea3: kh\u00e1ch h\u00e0ng c\u00f3 th\u1ec3 mang s\u1ea3n ph\u1ea9m tr\u1ef1c ti\u1ebfp ho\u1eb7c chuy\u1ec3n qua \u0111\u01b0\u1eddng b\u01b0u \u0111i\u1ec7n \u0111\u1ebfn \u0111\u1ecba ch\u1ec9:\u00a0<em>126 C\u00f9 Lao, P.2, Ph\u00fa Nhu\u1eadn, TP.HCM.<\/em><\/p>\n<p>Trong tr\u01b0\u1eddng h\u1ee3p kh\u00e1ch h\u00e0ng c\u00f3 \u00fd ki\u1ebfn \u0111\u00f3ng g\u00f3p ho\u1eb7c khi\u1ebfu n\u1ea1i li\u00ean quan \u0111\u1ebfn ch\u1ea5t l\u01b0\u1ee3ng s\u1ea3n ph\u1ea9m, vui l\u00f2ng li\u00ean h\u1ec7 \u0111\u01b0\u1eddng d\u00e2y ch\u0103m s\u00f3c kh\u00e1ch h\u00e0ng c\u1ee7a ch\u00fang t\u00f4i qua hotline:\u00a0<em>0932 004 225<\/em><\/p>\n","protected":false},"excerpt":{"rendered":"<p>CH\u00cdNH S\u00c1CH \u0110\u1ed4I TR\u1ea2 H\u00c0NG \u0110i\u1ec1u ki\u1ec7n \u0111\u1ed5i tr\u1ea3 B\u1ea1n \u0111\u01b0\u1ee3c quy\u1ec1n ki\u1ec3m tra s\u1ea3n ph\u1ea9m v\u00e0 c\u00f3 th\u1ec3 \u0111\u1ed5i tr\u1ea3 ngay t\u1ea1i th\u1eddi \u0111i\u1ec3m giao nh\u1eadn h\u00e0ng trong nh\u1eefng tr\u01b0\u1eddng h\u1ee3p sau: \u2013 S\u1ea3n ph\u1ea9m kh\u00f4ng \u0111\u00fang ch\u1ee7ng lo\u1ea1i, m\u1eabu m\u00e3 trong \u0111\u01a1n h\u00e0ng \u0111\u00e3 \u0111\u1eb7t ho\u1eb7c kh\u00f4ng \u0111\u00fang nh\u01b0 th\u00f4ng tin th\u1ec3 hi\u1ec7n [&hellip;]<\/p>\n","protected":false},"author":1,"featured_media":0,"parent":0,"menu_order":0,"comment_status":"closed","ping_status":"closed","template":"","meta":{"_acf_changed":false,"rank_math_lock_modified_date":false,"inline_featured_image":false,"footnotes":""},"class_list":["post-4209","page","type-page","status-publish","hentry"],"acf":[],"_links":{"self":[{"href":"https:\/\/productionq.vn\/shop\/wp-json\/wp\/v2\/pages\/4209","targetHints":{"allow":["GET"]}}],"collection":[{"href":"https:\/\/productionq.vn\/shop\/wp-json\/wp\/v2\/pages"}],"about":[{"href":"https:\/\/productionq.vn\/shop\/wp-json\/wp\/v2\/types\/page"}],"author":[{"embeddable":true,"href":"https:\/\/productionq.vn\/shop\/wp-json\/wp\/v2\/users\/1"}],"replies":[{"embeddable":true,"href":"https:\/\/productionq.vn\/shop\/wp-json\/wp\/v2\/comments?post=4209"}],"version-history":[{"count":4,"href":"https:\/\/productionq.vn\/shop\/wp-json\/wp\/v2\/pages\/4209\/revisions"}],"predecessor-version":[{"id":4658,"href":"https:\/\/productionq.vn\/shop\/wp-json\/wp\/v2\/pages\/4209\/revisions\/4658"}],"wp:attachment":[{"href":"https:\/\/productionq.vn\/shop\/wp-json\/wp\/v2\/media?parent=4209"}],"curies":[{"name":"wp","href":"https:\/\/api.w.org\/{rel}","templated":true}]}}