{"id":4642,"date":"2024-07-30T09:58:07","date_gmt":"2024-07-30T09:58:07","guid":{"rendered":"https:\/\/productionq.vn\/shop\/?post_type=product&#038;p=4642"},"modified":"2024-09-20T12:50:41","modified_gmt":"2024-09-20T05:50:41","slug":"bo-gom-tam-cam","status":"publish","type":"product","link":"https:\/\/productionq.vn\/shop\/san-pham\/bo-gom-tam-cam\/","title":{"rendered":"B\u1ed9 g\u1ed1m T\u1ea5m C\u00e1m"},"content":{"rendered":"<p>G\u1ed1m L\u00e1i Thi\u00eau &#8211; S\u00f4ng B\u00e9 t\u1eebng \u0103n s\u00e2u v\u00e0o \u0111\u1eddi s\u1ed1ng c\u1ee7a ng\u01b0\u1eddi d\u00e2n mi\u1ec1n Nam Vi\u1ec7t Nam t\u1eeb nh\u1eefng m\u00f3n tr\u00ean b\u00e0n \u0103n th\u01b0\u1eddng ng\u00e0y cho t\u1edbi nh\u1eefng m\u00e2m c\u1ed7 th\u1edd t\u1ef1; t\u1eeb \u0111\u1ed3 d\u00f9ng sinh ho\u1ea1t nh\u01b0 lu kh\u1ea1p, chum ch\u00f3e \u0111\u1ebfn c\u1ea3 nh\u1eefng \u0111\u1ed3 trang tr\u00ed nh\u01b0 b\u00ecnh b\u00f4ng, \u0111\u00f4n voi, ch\u1eadu c\u00e2y,&#8230; n\u00ean d\u01b0\u1eddng nh\u01b0 quanh k\u00fd \u1ee9c c\u1ee7a nh\u1eefng ng\u01b0\u1eddi con Nam B\u1ed9, \u0111\u00e2u \u0111\u00e2u c\u0169ng b\u1eaft g\u1eb7p h\u00ecnh \u1ea3nh quen thu\u1ed9c c\u1ee7a g\u1ed1m L\u00e1i Thi\u00eau &#8211; S\u00f4ng B\u00e9.<\/p>\n<p>BST g\u1ed1m T\u1ea5m C\u00e1m g\u1ed3m nh\u1eefng s\u1ea3n ph\u1ea9m th\u00f4ng d\u1ee5ng tr\u00ean b\u00e0n \u0103n c\u1ee7a m\u1ed7i ng\u01b0\u1eddi, m\u1ed7i gia \u0111\u00ecnh h\u00e0ng ng\u00e0y \u0111\u01b0\u1ee3c c\u00e1c ngh\u1ec7 nh\u00e2n c\u1ee7a N\u1eafng Ceramics t\u1ec9 m\u0129 v\u1ebd tay b\u1eb1ng k\u1ef9 thu\u1eadt b\u00f4ng gi\u1ea5y v\u00e0 tr\u1ea3i qua nhi\u1ec1u gi\u1edd nung c\u1ee7i.<\/p>\n<p>M\u1eabu g\u1ed1m T\u1ea5m v\u1edbi h\u00ecnh \u1ea3nh ch\u1ee7 \u0111\u1ea1o l\u00e0 chim v\u00e0ng anh v\u00e0 tr\u00e1i th\u1ecb quen thu\u1ed9c t\u1eeb phi\u00ean b\u1ea3n c\u1ed5 t\u00edch. Trong khi \u0111\u00f3 m\u1eabu g\u1ed1m C\u00e1m g\u1eafn li\u1ec1n v\u1edbi h\u00ecnh \u1ea3nh hoa sen v\u1ed1n d\u0129 \u0111\u01b0\u1ee3c c\u00e0i c\u1eafm trong phi\u00ean b\u1ea3n \u0111i\u1ec7n \u1ea3nh &#8220;C\u00e1m&#8221;.<\/p>\n","protected":false},"excerpt":{"rendered":"<p>S\u1ea3n ph\u1ea9m thu\u1ed9c d\u00f2ng g\u1ed1m L\u00e1i Thi\u00eau truy\u1ec1n th\u1ed1ng \u0111\u01b0\u1ee3c l\u00e0m th\u1ee7 c\u00f4ng, nung c\u1ee7i v\u1edbi ho\u1ea1 ti\u1ebft hoa sen g\u1eafn li\u1ec1n v\u1edbi h\u00ecnh \u1ea3nh c\u1ee7a c\u00f4 C\u00e1m trong phim.<\/p>\n","protected":false},"featured_media":5171,"comment_status":"open","ping_status":"closed","template":"","meta":{"_acf_changed":false,"rank_math_lock_modified_date":false,"inline_featured_image":false},"product_cat":[92],"product_tag":[],"class_list":{"0":"post-4642","1":"product","2":"type-product","3":"status-publish","4":"has-post-thumbnail","6":"wpc-brand-nang-ceramics-vi","7":"product_cat-do-dung-nha-bep-vi","9":"first","10":"instock","11":"shipping-taxable","12":"purchasable","13":"product-type-variable","14":"wvs-archive-product-wrapper"},"acf":[],"_links":{"self":[{"href":"https:\/\/productionq.vn\/shop\/wp-json\/wp\/v2\/product\/4642","targetHints":{"allow":["GET"]}}],"collection":[{"href":"https:\/\/productionq.vn\/shop\/wp-json\/wp\/v2\/product"}],"about":[{"href":"https:\/\/productionq.vn\/shop\/wp-json\/wp\/v2\/types\/product"}],"replies":[{"embeddable":true,"href":"https:\/\/productionq.vn\/shop\/wp-json\/wp\/v2\/comments?post=4642"}],"wp:featuredmedia":[{"embeddable":true,"href":"https:\/\/productionq.vn\/shop\/wp-json\/wp\/v2\/media\/5171"}],"wp:attachment":[{"href":"https:\/\/productionq.vn\/shop\/wp-json\/wp\/v2\/media?parent=4642"}],"wp:term":[{"taxonomy":"product_cat","embeddable":true,"href":"https:\/\/productionq.vn\/shop\/wp-json\/wp\/v2\/product_cat?post=4642"},{"taxonomy":"product_tag","embeddable":true,"href":"https:\/\/productionq.vn\/shop\/wp-json\/wp\/v2\/product_tag?post=4642"}],"curies":[{"name":"wp","href":"https:\/\/api.w.org\/{rel}","templated":true}]}}