{"id":5163,"date":"2024-09-15T15:47:59","date_gmt":"2024-09-15T08:47:59","guid":{"rendered":"https:\/\/productionq.vn\/shop\/?post_type=product&#038;p=5163"},"modified":"2024-09-15T15:54:08","modified_gmt":"2024-09-15T08:54:08","slug":"tuong-tinh-cam","status":"publish","type":"product","link":"https:\/\/productionq.vn\/shop\/san-pham\/tuong-tinh-cam\/","title":{"rendered":"T\u01b0\u1ee3ng t\u0129nh C\u00e1m"},"content":{"rendered":"<p>L\u00e0 s\u1ea3n ph\u1ea9m m\u00f4 h\u00ecnh t\u01b0\u1ee3ng t\u0129nh \u0111\u01b0\u1ee3c th\u1ef1c hi\u1ec7n theo ph\u01b0\u01a1ng ph\u00e1p s\u1ea3n xu\u1ea5t th\u1ee7 c\u00f4ng. \u0110\u01b0\u1ee3c th\u1ef1c hi\u1ec7n t\u1ec9 m\u1ec9 t\u1eeb kh\u00e2u t\u1ea1o h\u00ecnh \u0111\u1ebfn kh\u00e2u ho\u00e0n thi\u1ec7n s\u1ea3n ph\u1ea9m. M\u00e0u s\u1eafc c\u1ee7a s\u1ea3n ph\u1ea9m \u0111\u01b0\u1ee3c th\u1ef1c hi\u1ec7n b\u1eb1ng v\u1ebd tay nhi\u1ec1u gi\u1edd li\u1ec1n theo ph\u01b0\u01a1ng ph\u00e1p t\u1ea3 th\u1ef1c.<br \/>\nC\u00e1c ph\u1ee5 ki\u1ec7n c\u1ee7a s\u1ea3n ph\u1ea9m \u0111\u01b0\u1ee3c d\u00e1t v\u00e0ng.<\/p>\n<p>T\u1ec9 l\u1ec7: 1:4<br \/>\nK\u00edch th\u01b0\u1edbc: 53 cm<br \/>\nCh\u1ea5t li\u1ec7u: Resin<\/p>\n<p>Concept Artist: Duy V\u0103n &#8211; H\u1ecda s\u0129 ch\u00ednh d\u1ef1 \u00e1n Con C\u00e1m<br \/>\n3D Modeler: Nguy\u1ec5n Tr\u1ecdng T\u01b0\u1edfng<br \/>\nPD: HaChi<\/p>\n","protected":false},"excerpt":{"rendered":"<p>L\u00e0 s\u1ea3n ph\u1ea9m m\u00f4 h\u00ecnh t\u01b0\u1ee3ng t\u0129nh \u0111\u01b0\u1ee3c th\u1ef1c hi\u1ec7n theo ph\u01b0\u01a1ng ph\u00e1p s\u1ea3n xu\u1ea5t th\u1ee7 c\u00f4ng<\/p>\n","protected":false},"featured_media":5164,"comment_status":"open","ping_status":"closed","template":"","meta":{"_acf_changed":false,"rank_math_lock_modified_date":false,"inline_featured_image":false},"product_cat":[15,84],"product_tag":[],"class_list":{"0":"post-5163","1":"product","2":"type-product","3":"status-publish","4":"has-post-thumbnail","6":"wpc-brand-asm-vi","7":"product_cat-uncategorized","8":"product_cat-do-choi-vi","10":"first","11":"instock","12":"shipping-taxable","13":"product-type-simple"},"acf":[],"_links":{"self":[{"href":"https:\/\/productionq.vn\/shop\/wp-json\/wp\/v2\/product\/5163","targetHints":{"allow":["GET"]}}],"collection":[{"href":"https:\/\/productionq.vn\/shop\/wp-json\/wp\/v2\/product"}],"about":[{"href":"https:\/\/productionq.vn\/shop\/wp-json\/wp\/v2\/types\/product"}],"replies":[{"embeddable":true,"href":"https:\/\/productionq.vn\/shop\/wp-json\/wp\/v2\/comments?post=5163"}],"wp:featuredmedia":[{"embeddable":true,"href":"https:\/\/productionq.vn\/shop\/wp-json\/wp\/v2\/media\/5164"}],"wp:attachment":[{"href":"https:\/\/productionq.vn\/shop\/wp-json\/wp\/v2\/media?parent=5163"}],"wp:term":[{"taxonomy":"product_cat","embeddable":true,"href":"https:\/\/productionq.vn\/shop\/wp-json\/wp\/v2\/product_cat?post=5163"},{"taxonomy":"product_tag","embeddable":true,"href":"https:\/\/productionq.vn\/shop\/wp-json\/wp\/v2\/product_tag?post=5163"}],"curies":[{"name":"wp","href":"https:\/\/api.w.org\/{rel}","templated":true}]}}